{"id":1199,"date":"2023-09-12T11:34:55","date_gmt":"2023-09-12T14:34:55","guid":{"rendered":"https:\/\/conslaplata.esteri.it\/?page_id=1199"},"modified":"2023-09-12T11:36:27","modified_gmt":"2023-09-12T14:36:27","slug":"mensaje-del-consul-general-pierluigi-schettino","status":"publish","type":"page","link":"https:\/\/conslaplata.esteri.it\/es\/chi-siamo\/il-console-generale\/mensaje-del-consul-general-pierluigi-schettino\/","title":{"rendered":"Mensaje del C\u00f3nsul General Pierluigi Schettino"},"content":{"rendered":"<p>Queridos connacionales,<\/p>\n<p>con gran honor y entusiasmo asumo el cargo de C\u00f3nsul General de Italia en La Plata. Soy consciente que es un rol de gran compromiso y responsabilidad y lo es tambi\u00e9n por la vastedad de la comunidad italiana residente en la jurisdicci\u00f3n de La Plata, que comprende bien 59 partidos de la Provincia de Buenos Aires.<\/p>\n<p>Una comunidad que narra historias de coraje, sacrificios y \u00e9xitos, escrita por personas que llegaron a este pa\u00eds, algunas desde hace mucho y otras desde hace menos tiempo, para realizar el sue\u00f1o de un futuro mejor; una comunidad que ya se encuentra profundamente enraizada con \u00e9xito en cada sector de la sociedad local.<\/p>\n<p>Como C\u00f3nsul General de Italia en La Plata tendr\u00e9 el honor y la responsabilidad de ofrecerles, a trav\u00e9s del Consulado General, servicios consulares siempre m\u00e1s eficientes. Soy consciente que, con los escasos recursos que tenemos y una colectividad de m\u00e1s de 104 mil connacionales, no ser\u00e1 siempre sencillo estar a la altura de sus expectativas y exigencias. Pero, sinceramente, les aseguro que pondr\u00e9 todo mi compromiso y el de todo el personal para mejorar cada vez m\u00e1s la calidad de los servicios ofrecidos por esta instituci\u00f3n, que tengo el privilegio de dirigir, y para seguir fortaleciendo la uni\u00f3n entre Italia y Argentina en todos los sectores. Para lograr esto, cuento con vuestro precioso sost\u00e9n.<\/p>\n<p>Este sitio web es la puerta de acceso inform\u00e1tica a los servicios ofrecidos por nuestra estructura. Los invito, a usarla con mayor frecuencia, en las dos versiones, para obtener todas las informaciones que necesiten.<\/p>\n<p>Me despido cordialmente<\/p>\n<p>Pierluigi Schettino<\/p>\n","protected":false},"excerpt":{"rendered":"Queridos connacionales, con gran honor y entusiasmo asumo el cargo de C\u00f3nsul General de Italia en La Plata. Soy consciente que es un rol de gran compromiso y responsabilidad y lo es tambi\u00e9n por la vastedad de la comunidad italiana residente en la jurisdicci\u00f3n de La Plata, que comprende bien 59 partidos de la Provincia [&hellip;]","protected":false},"author":6,"featured_media":0,"parent":165,"menu_order":0,"comment_status":"closed","ping_status":"closed","template":"","meta":{"footnotes":""},"class_list":["post-1199","page","type-page","status-publish","hentry"],"_links":{"self":[{"href":"https:\/\/conslaplata.esteri.it\/es\/wp-json\/wp\/v2\/pages\/1199","targetHints":{"allow":["GET"]}}],"collection":[{"href":"https:\/\/conslaplata.esteri.it\/es\/wp-json\/wp\/v2\/pages"}],"about":[{"href":"https:\/\/conslaplata.esteri.it\/es\/wp-json\/wp\/v2\/types\/page"}],"author":[{"embeddable":true,"href":"https:\/\/conslaplata.esteri.it\/es\/wp-json\/wp\/v2\/users\/6"}],"replies":[{"embeddable":true,"href":"https:\/\/conslaplata.esteri.it\/es\/wp-json\/wp\/v2\/comments?post=1199"}],"version-history":[{"count":1,"href":"https:\/\/conslaplata.esteri.it\/es\/wp-json\/wp\/v2\/pages\/1199\/revisions"}],"predecessor-version":[{"id":1200,"href":"https:\/\/conslaplata.esteri.it\/es\/wp-json\/wp\/v2\/pages\/1199\/revisions\/1200"}],"up":[{"embeddable":true,"href":"https:\/\/conslaplata.esteri.it\/es\/wp-json\/wp\/v2\/pages\/165"}],"wp:attachment":[{"href":"https:\/\/conslaplata.esteri.it\/es\/wp-json\/wp\/v2\/media?parent=1199"}],"curies":[{"name":"wp","href":"https:\/\/api.w.org\/{rel}","templated":true}]}}

Mensaje del Cónsul General Pierluigi Schettino

<p>Queridos connacionales,</p>
<p>con gran honor y entusiasmo asumo el cargo de Cónsul General de Italia en La Plata. Soy consciente que es un rol de gran compromiso y responsabilidad y lo es también por la vastedad de la comunidad italiana residente en la jurisdicción de La Plata, que comprende bien 59 partidos de la Provincia de Buenos Aires.</p>
<p>Una comunidad que narra historias de coraje, sacrificios y éxitos, escrita por personas que llegaron a este país, algunas desde hace mucho y otras desde hace menos tiempo, para realizar el sueño de un futuro mejor; una comunidad que ya se encuentra profundamente enraizada con éxito en cada sector de la sociedad local.</p>
<p>Como Cónsul General de Italia en La Plata tendré el honor y la responsabilidad de ofrecerles, a través del Consulado General, servicios consulares siempre más eficientes. Soy consciente que, con los escasos recursos que tenemos y una colectividad de más de 104 mil connacionales, no será siempre sencillo estar a la altura de sus expectativas y exigencias. Pero, sinceramente, les aseguro que pondré todo mi compromiso y el de todo el personal para mejorar cada vez más la calidad de los servicios ofrecidos por esta institución, que tengo el privilegio de dirigir, y para seguir fortaleciendo la unión entre Italia y Argentina en todos los sectores. Para lograr esto, cuento con vuestro precioso sostén.</p>
<p>Este sitio web es la puerta de acceso informática a los servicios ofrecidos por nuestra estructura. Los invito, a usarla con mayor frecuencia, en las dos versiones, para obtener todas las informaciones que necesiten.</p>
<p>Me despido cordialmente</p>
<p>Pierluigi Schettino</p>

Queridos connacionales, con gran honor y entusiasmo asumo el cargo de Cónsul General de Italia en La Plata. Soy consciente que es un rol de gran compromiso y responsabilidad y lo es también por la vastedad de la comunidad italiana residente en la jurisdicción de La Plata, que comprende bien 59 partidos de la Provincia [&hellip;]
