{"id":1197,"date":"2023-09-12T11:34:55","date_gmt":"2023-09-12T14:34:55","guid":{"rendered":"https:\/\/conslaplata.esteri.it\/?page_id=1197"},"modified":"2023-09-12T11:34:55","modified_gmt":"2023-09-12T14:34:55","slug":"messaggio-del-console-generale-pierluigi-schettino","status":"publish","type":"page","link":"https:\/\/conslaplata.esteri.it\/it\/chi-siamo\/il-console-generale\/messaggio-del-console-generale-pierluigi-schettino\/","title":{"rendered":"Messaggio del Console Generale Pierluigi Schettino"},"content":{"rendered":"<p>Cari connazionali,<\/p>\n<p>\u00e8 con grande onore ed entusiasmo che ho assunto l\u2019incarico di Console Generale d\u2019Italia a La Plata. Sono consapevole che si tratta di un ruolo di grande impegno e responsabilit\u00e0, anche in ragione dell\u2019estensione della comunit\u00e0 italiana residente nella circoscrizione di La Plata, che ricomprende ben 59 distretti della Provincia di Buenos Aires.<\/p>\n<p>Una comunit\u00e0 che racconta storie di coraggio, sacrifici e successi, scritta da persone che si sono trasferite in questo Paese, alcune tanto tempo fa ed altre in tempi pi\u00f9 recenti, per realizzare il sogno di un futuro migliore, e che \u00e8 ormai profondamente radicata con successo in ogni settore della societ\u00e0 locale.<\/p>\n<p>Come Console Generale d\u2019Italia a La Plata, avr\u00f2 l\u2019onore e la responsabilit\u00e0 di cercare di offrirvi, attraverso il Consolato Generale, servizi consolari sempre pi\u00f9 efficienti. Sono consapevole che, con le limitate risorse a disposizione e una collettivit\u00e0 di oltre 104 mila connazionali, non sar\u00e0 facile essere sempre all\u2019altezza delle vostre aspettative ed esigenze. Ma vi assicuro sinceramente sin d\u2019ora il mio massimo impegno personale, unitamente a quello di tutto il personale del Consolato Generale, per cercare di migliorare ulteriormente la qualit\u00e0 dei servizi offerti da questa istituzione che ho il pregio di dirigere e di rafforzare ancor pi\u00f9 il legame tra l&#8217;Italia e l&#8217;Argentina in tutti i settori. A tal fine, conto molto anche sul prezioso sostegno di tutti voi.<\/p>\n<p>Questo sito web \u00e8 la porta di accesso telematica ai tanti servizi erogati dalla nostra struttura. Vi invito dunque a farne uso con sempre maggiore frequenza, nelle versioni in lingua italiana e spagnola, per acquisire tutte le informazioni di cui abbiate necessit\u00e0.<\/p>\n<p>Vi saluto cordialmente.<\/p>\n<p>Pierluigi Schettino<\/p>\n","protected":false},"excerpt":{"rendered":"Cari connazionali, \u00e8 con grande onore ed entusiasmo che ho assunto l\u2019incarico di Console Generale d\u2019Italia a La Plata. Sono consapevole che si tratta di un ruolo di grande impegno e responsabilit\u00e0, anche in ragione dell\u2019estensione della comunit\u00e0 italiana residente nella circoscrizione di La Plata, che ricomprende ben 59 distretti della Provincia di Buenos Aires. [&hellip;]","protected":false},"author":6,"featured_media":0,"parent":34,"menu_order":0,"comment_status":"closed","ping_status":"closed","template":"","meta":{"footnotes":""},"class_list":["post-1197","page","type-page","status-publish","hentry"],"_links":{"self":[{"href":"https:\/\/conslaplata.esteri.it\/it\/wp-json\/wp\/v2\/pages\/1197","targetHints":{"allow":["GET"]}}],"collection":[{"href":"https:\/\/conslaplata.esteri.it\/it\/wp-json\/wp\/v2\/pages"}],"about":[{"href":"https:\/\/conslaplata.esteri.it\/it\/wp-json\/wp\/v2\/types\/page"}],"author":[{"embeddable":true,"href":"https:\/\/conslaplata.esteri.it\/it\/wp-json\/wp\/v2\/users\/6"}],"replies":[{"embeddable":true,"href":"https:\/\/conslaplata.esteri.it\/it\/wp-json\/wp\/v2\/comments?post=1197"}],"version-history":[{"count":1,"href":"https:\/\/conslaplata.esteri.it\/it\/wp-json\/wp\/v2\/pages\/1197\/revisions"}],"predecessor-version":[{"id":1198,"href":"https:\/\/conslaplata.esteri.it\/it\/wp-json\/wp\/v2\/pages\/1197\/revisions\/1198"}],"up":[{"embeddable":true,"href":"https:\/\/conslaplata.esteri.it\/it\/wp-json\/wp\/v2\/pages\/34"}],"wp:attachment":[{"href":"https:\/\/conslaplata.esteri.it\/it\/wp-json\/wp\/v2\/media?parent=1197"}],"curies":[{"name":"wp","href":"https:\/\/api.w.org\/{rel}","templated":true}]}}

<p>Cari connazionali,</p>
<p>è con grande onore ed entusiasmo che ho assunto l’incarico di Console Generale d’Italia a La Plata. Sono consapevole che si tratta di un ruolo di grande impegno e responsabilità, anche in ragione dell’estensione della comunità italiana residente nella circoscrizione di La Plata, che ricomprende ben 59 distretti della Provincia di Buenos Aires.</p>
<p>Una comunità che racconta storie di coraggio, sacrifici e successi, scritta da persone che si sono trasferite in questo Paese, alcune tanto tempo fa ed altre in tempi più recenti, per realizzare il sogno di un futuro migliore, e che è ormai profondamente radicata con successo in ogni settore della società locale.</p>
<p>Come Console Generale d’Italia a La Plata, avrò l’onore e la responsabilità di cercare di offrirvi, attraverso il Consolato Generale, servizi consolari sempre più efficienti. Sono consapevole che, con le limitate risorse a disposizione e una collettività di oltre 104 mila connazionali, non sarà facile essere sempre all’altezza delle vostre aspettative ed esigenze. Ma vi assicuro sinceramente sin d’ora il mio massimo impegno personale, unitamente a quello di tutto il personale del Consolato Generale, per cercare di migliorare ulteriormente la qualità dei servizi offerti da questa istituzione che ho il pregio di dirigere e di rafforzare ancor più il legame tra l&#8217;Italia e l&#8217;Argentina in tutti i settori. A tal fine, conto molto anche sul prezioso sostegno di tutti voi.</p>
<p>Questo sito web è la porta di accesso telematica ai tanti servizi erogati dalla nostra struttura. Vi invito dunque a farne uso con sempre maggiore frequenza, nelle versioni in lingua italiana e spagnola, per acquisire tutte le informazioni di cui abbiate necessità.</p>
<p>Vi saluto cordialmente.</p>
<p>Pierluigi Schettino</p>

Cari connazionali, è con grande onore ed entusiasmo che ho assunto l’incarico di Console Generale d’Italia a La Plata. Sono consapevole che si tratta di un ruolo di grande impegno e responsabilità, anche in ragione dell’estensione della comunità italiana residente nella circoscrizione di La Plata, che ricomprende ben 59 distretti della Provincia di Buenos Aires. [&hellip;]
