{"id":36,"date":"2023-04-03T19:15:47","date_gmt":"2023-04-03T17:15:47","guid":{"rendered":"https:\/\/consolatozurigo.esteri.it\/?page_id=36"},"modified":"2025-12-29T12:48:43","modified_gmt":"2025-12-29T15:48:43","slug":"gli-uffici","status":"publish","type":"page","link":"https:\/\/conslaplata.esteri.it\/it\/chi-siamo\/gli-uffici\/","title":{"rendered":"Gli Uffici"},"content":{"rendered":"<p><strong>Operativit\u00e0 del Consolato Generale di La Plata<\/strong><\/p>\n<p><strong>L&#8217;ingresso al Consolato \u00e8 consentito solo con turno e alle persone munite di un documento di identit\u00e0 in corso di validit\u00e0.<\/strong><\/p>\n<p>In particolare:<\/p>\n<p>&#8211; per il servizio cittadinanza gli appuntamenti saranno assegnati esclusivamente tramite il sistema\u00a0<a href=\"https:\/\/prenotami.esteri.it\/\"><strong>Prenot@mi.<\/strong><\/a><\/p>\n<p>&#8211; per il servizio passaporti gli appuntamenti sono assegnati esclusivamente tramite il sistema\u00a0<strong><a href=\"https:\/\/prenotami.esteri.it\/\">Prenot@mi.<\/a><\/strong>\u00a0Non \u00e8 possibile richiedere un appuntamento (o richiedere di modificarlo) per posta elettronica o presso lo sportello di informazioni al pubblico.\u00a0L\u2019appuntamento \u00e8 gratuito e non pu\u00f2 essere ceduto (la richiesta di appuntamento \u00e8 personale e non sono autorizzati n\u00e9 agenzie n\u00e9 gestori a farne richiesta).<\/p>\n<p>Qualora si preveda di non potersi presentare all\u2019appuntamento, si prega richiedere all&#8217;Ufficio la cancellazione della prenotazione (scrivere a\u00a0<a href=\"mailto:passaporti.laplata@esteri.it\">passaporti.laplata@esteri.it<\/a>) o <strong>(0221) 439 5517<\/strong>.<\/p>\n<p>&#8211; per i\u00a0<strong>servizi di anagrafe e stato civile<\/strong>\u00a0utilizzare esclusivamente la piattaforma online\u00a0<a href=\"https:\/\/serviziconsolari.esteri.it\/ScoFE\/index.sco\">FAST-IT<\/a>. Dal 17\/05\/2021 anche le variazioni relative allo stato civile dei connazionali residenti nella circoscrizione consolare del Consolato Generale di La Plata possono essere effettuate tramite il Portale FAST-IT . Solo i connazionali maggiori di anni 70 potranno continuare a presentare le richieste di iscrizione all\u2019AIRE o di variazione dell\u2019indirizzo per posta, all\u2019indirizzo del Consolato Generale d\u2019Italia a La Plata &#8211; Calle 48 n. 869 \u2013 1900 La Plata. Non \u00e8 consentito l\u2019invio per posta elettronica ordinaria, mentre sar\u00e0 possibile l\u2019invio per PEC (posta elettronica certificata). In caso di necessit\u00e0 si prega di contattare il numero\u00a0<strong>(0221) 439 5533.<\/strong><\/p>\n<p><strong><br \/>\n<\/strong>&#8211; per i\u00a0<strong>servizi dell&#8217;ufficio legale\/notarile<\/strong>\u00a0occorre richiedere un appuntamento. Si prega di inviare una mail a\u00a0<a href=\"mailto:legale.laplata@esteri.it\">legale.laplata@esteri.it<\/a>, oppure contattare il numero\u00a0<strong>(0221) 439 5506.<\/strong><\/p>\n<p><strong><br \/>\n<\/strong>&#8211; per il\u00a0<strong>servizio di assistenza sociale\u00a0<\/strong>\u00e8 possibile contattare l&#8217;ufficio sociale tramite mail\u00a0<a href=\"mailto:assistenza.laplata@esteri.it\">assistenza.laplata@esteri.it<\/a>\u00a0oppure contattare il numero\u00a0<strong>(0221) 439 5534.<\/strong><\/p>\n<p><strong><br \/>\nTUTTI I RECAPITI EMAIL E TELEFONICI SOPRAINDICATI SARANNO ATTIVI DAL LUNEDI&#8217; AL VENERDI&#8217; DALLE ORE 8.30 ALLE ORE 13.30.<\/strong><\/p>\n<p>Vi invitiamo a seguire le nostre comunicazioni sul sito internet e su tutti i nostri social media (Twitter, Facebook).<\/p>\n<p>&nbsp;<\/p>\n<p><strong><a href=\"https:\/\/conslaplata.esteri.it\/wp-content\/uploads\/2025\/09\/1.-orari-di-ricevimento-al-pubblico-2025.pdf\" target=\"_blank\" rel=\"noopener\">Orari di ricevimento del pubblico<\/a><br \/>\n<a href=\"https:\/\/conslaplata.esteri.it\/wp-content\/uploads\/2024\/11\/2.-norme-di-accesso-v.-04.11.2024.pdf\" target=\"_blank\" rel=\"noopener\">Norme di Accesso al Consolato Generale<\/a><\/strong><\/p>\n<p><strong><br \/>\n<\/strong><strong><a href=\"https:\/\/conslaplata.esteri.it\/wp-content\/uploads\/2025\/09\/03-Calendario-dei-festivi-2025-agg.-26.09.2025.pdf\" target=\"_blank\" rel=\"noopener\">Festivit\u00e1 2025<\/a><\/strong><\/p>\n<p><a href=\"https:\/\/conslaplata.esteri.it\/wp-content\/uploads\/2025\/12\/03-Calendario-dei-festivi-2026.pdf\" target=\"_blank\" rel=\"noopener\"><strong>Festivit\u00e1 2026<\/strong><\/a><\/p>\n<p><strong><br \/>\n<a href=\"https:\/\/conslaplata.esteri.it\/wp-content\/uploads\/2023\/05\/04-Telefoni-emergenze-COVID-19.pdf\">Numeri di Emergenza<\/a><\/strong><\/p>\n<p>&nbsp;<\/p>\n","protected":false},"excerpt":{"rendered":"Operativit\u00e0 del Consolato Generale di La Plata L&#8217;ingresso al Consolato \u00e8 consentito solo con turno e alle persone munite di un documento di identit\u00e0 in corso di validit\u00e0. In particolare: &#8211; per il servizio cittadinanza gli appuntamenti saranno assegnati esclusivamente tramite il sistema\u00a0Prenot@mi. &#8211; per il servizio passaporti gli appuntamenti sono assegnati esclusivamente tramite il [&hellip;]","protected":false},"author":1,"featured_media":0,"parent":13,"menu_order":6,"comment_status":"closed","ping_status":"closed","template":"","meta":{"footnotes":""},"class_list":["post-36","page","type-page","status-publish","hentry"],"_links":{"self":[{"href":"https:\/\/conslaplata.esteri.it\/it\/wp-json\/wp\/v2\/pages\/36","targetHints":{"allow":["GET"]}}],"collection":[{"href":"https:\/\/conslaplata.esteri.it\/it\/wp-json\/wp\/v2\/pages"}],"about":[{"href":"https:\/\/conslaplata.esteri.it\/it\/wp-json\/wp\/v2\/types\/page"}],"author":[{"embeddable":true,"href":"https:\/\/conslaplata.esteri.it\/it\/wp-json\/wp\/v2\/users\/1"}],"replies":[{"embeddable":true,"href":"https:\/\/conslaplata.esteri.it\/it\/wp-json\/wp\/v2\/comments?post=36"}],"version-history":[{"count":7,"href":"https:\/\/conslaplata.esteri.it\/it\/wp-json\/wp\/v2\/pages\/36\/revisions"}],"predecessor-version":[{"id":6307,"href":"https:\/\/conslaplata.esteri.it\/it\/wp-json\/wp\/v2\/pages\/36\/revisions\/6307"}],"up":[{"embeddable":true,"href":"https:\/\/conslaplata.esteri.it\/it\/wp-json\/wp\/v2\/pages\/13"}],"wp:attachment":[{"href":"https:\/\/conslaplata.esteri.it\/it\/wp-json\/wp\/v2\/media?parent=36"}],"curies":[{"name":"wp","href":"https:\/\/api.w.org\/{rel}","templated":true}]}}

<p><strong>Operatività del Consolato Generale di La Plata</strong></p>
<p><strong>L&#8217;ingresso al Consolato è consentito solo con turno e alle persone munite di un documento di identità in corso di validità.</strong></p>
<p>In particolare:</p>
<p>&#8211; per il servizio cittadinanza gli appuntamenti saranno assegnati esclusivamente tramite il sistema <a href="https://prenotami.esteri.it/"><strong>Prenot@mi.</strong></a></p>
<p>&#8211; per il servizio passaporti gli appuntamenti sono assegnati esclusivamente tramite il sistema <strong><a href="https://prenotami.esteri.it/">Prenot@mi.</a></strong> Non è possibile richiedere un appuntamento (o richiedere di modificarlo) per posta elettronica o presso lo sportello di informazioni al pubblico. L’appuntamento è gratuito e non può essere ceduto (la richiesta di appuntamento è personale e non sono autorizzati né agenzie né gestori a farne richiesta).</p>
<p>Qualora si preveda di non potersi presentare all’appuntamento, si prega richiedere all&#8217;Ufficio la cancellazione della prenotazione (scrivere a <a href="mailto:passaporti.laplata@esteri.it">passaporti.laplata@esteri.it</a>) o <strong>(0221) 439 5517</strong>.</p>
<p>&#8211; per i <strong>servizi di anagrafe e stato civile</strong> utilizzare esclusivamente la piattaforma online <a href="https://serviziconsolari.esteri.it/ScoFE/index.sco">FAST-IT</a>. Dal 17/05/2021 anche le variazioni relative allo stato civile dei connazionali residenti nella circoscrizione consolare del Consolato Generale di La Plata possono essere effettuate tramite il Portale FAST-IT . Solo i connazionali maggiori di anni 70 potranno continuare a presentare le richieste di iscrizione all’AIRE o di variazione dell’indirizzo per posta, all’indirizzo del Consolato Generale d’Italia a La Plata &#8211; Calle 48 n. 869 – 1900 La Plata. Non è consentito l’invio per posta elettronica ordinaria, mentre sarà possibile l’invio per PEC (posta elettronica certificata). In caso di necessità si prega di contattare il numero <strong>(0221) 439 5533.</strong></p>
<p><strong><br />
</strong>&#8211; per i <strong>servizi dell&#8217;ufficio legale/notarile</strong> occorre richiedere un appuntamento. Si prega di inviare una mail a <a href="mailto:legale.laplata@esteri.it">legale.laplata@esteri.it</a>, oppure contattare il numero <strong>(0221) 439 5506.</strong></p>
<p><strong><br />
</strong>&#8211; per il <strong>servizio di assistenza sociale </strong>è possibile contattare l&#8217;ufficio sociale tramite mail <a href="mailto:assistenza.laplata@esteri.it">assistenza.laplata@esteri.it</a> oppure contattare il numero <strong>(0221) 439 5534.</strong></p>
<p><strong><br />
TUTTI I RECAPITI EMAIL E TELEFONICI SOPRAINDICATI SARANNO ATTIVI DAL LUNEDI&#8217; AL VENERDI&#8217; DALLE ORE 8.30 ALLE ORE 13.30.</strong></p>
<p>Vi invitiamo a seguire le nostre comunicazioni sul sito internet e su tutti i nostri social media (Twitter, Facebook).</p>
<p>&nbsp;</p>
<p><strong><a href="https://conslaplata.esteri.it/wp-content/uploads/2025/09/1.-orari-di-ricevimento-al-pubblico-2025.pdf" target="_blank" rel="noopener">Orari di ricevimento del pubblico</a><br />
<a href="https://conslaplata.esteri.it/wp-content/uploads/2024/11/2.-norme-di-accesso-v.-04.11.2024.pdf" target="_blank" rel="noopener">Norme di Accesso al Consolato Generale</a></strong></p>
<p><strong><br />
</strong><strong><a href="https://conslaplata.esteri.it/wp-content/uploads/2025/09/03-Calendario-dei-festivi-2025-agg.-26.09.2025.pdf" target="_blank" rel="noopener">Festivitá 2025</a></strong></p>
<p><a href="https://conslaplata.esteri.it/wp-content/uploads/2025/12/03-Calendario-dei-festivi-2026.pdf" target="_blank" rel="noopener"><strong>Festivitá 2026</strong></a></p>
<p><strong><br />
<a href="https://conslaplata.esteri.it/wp-content/uploads/2023/05/04-Telefoni-emergenze-COVID-19.pdf">Numeri di Emergenza</a></strong></p>
<p>&nbsp;</p>

Operatività del Consolato Generale di La Plata L&#8217;ingresso al Consolato è consentito solo con turno e alle persone munite di un documento di identità in corso di validità. In particolare: &#8211; per il servizio cittadinanza gli appuntamenti saranno assegnati esclusivamente tramite il sistema Prenot@mi. &#8211; per il servizio passaporti gli appuntamenti sono assegnati esclusivamente tramite il [&hellip;]
